or of 4762?
False
Does 9 divide 2502?
True
Is 70 a factor of 2545?
False
Is 1810 a multiple of 10?
True
Does 8 divide 11216?
True
Is 214 a factor of 41516?
True
Does 272 divide 21911?
False
Is 9 a factor of 1157?
False
Is 623 a multiple of 25?
False
Is 17 a factor of 1343?
True
Is 1815 a multiple of 11?
True
Does 20 divide 400?
True
Is 120 a factor of 10080?
True
Is 160 a factor of 33571?
False
Does 9 divide 31104?
True
Is 1242 a multiple of 46?
True
Is 3390 a multiple of 30?
True
Is 24457 a multiple of 214?
False
Is 2214 a multiple of 82?
True
Is 7 a factor of 12705?
True
Is 17 a factor of 544?
True
Is 17 a factor of 38029?
True
Does 23 divide 3381?
True
Does 24 divide 4800?
True
Is 2124 a multiple of 53?
False
Is 200 a factor of 7849?
False
Is 82 a factor of 65272?
True
Is 77 a multiple of 9?
False
Is 3 a factor of 138?
True
Is 48 a factor of 112?
False
Does 13 divide 554?
False
Is 2773 a multiple of 2?
False
Is 7220 a multiple of 121?
False
Is 14 a factor of 3333?
False
Is 22 a factor of 1078?
True
Is 57 a factor of 171?
True
Is 15 a factor of 24628?
False
Is 22 a factor of 584?
False
Does 43 divide 3538?
False
Is 3080 a multiple of 70?
True
Does 15 divide 7740?
True
Is 5997 a multiple of 5?
False
Does 79 divide 15563?
True
Is 16 a factor of 3616?
True
Does 57 divide 2095?
False
Does 5 divide 275?
True
Does 16 divide 19592?
False
Is 5624 a multiple of 74?
True
Is 5 a factor of 25?
True
Does 20 divide 27500?
True
Is 1938 a multiple of 74?
False
Is 7 a factor of 6741?
True
Does 17 divide 256?
False
Does 32 divide 8608?
True
Is 2 a factor of 69?
False
Is 10352 a multiple of 198?
False
Is 60 a factor of 13680?
True
Is 2836 a multiple of 20?
False
Is 177 a multiple of 4?
False
Does 15 divide 6216?
False
Is 44 a factor of 27104?
True
Is 853 a multiple of 36?
False
Does 57 divide 46227?
True
Is 15173 a multiple of 264?
False
Is 2415 a multiple of 9?
False
Is 884 a multiple of 26?
True
Is 5724 a multiple of 53?
True
Does 18 divide 7758?
True
Is 367 a multiple of 9?
False
Is 11 a factor of 643?
False
Is 84 a factor of 6804?
True
Is 34195 a multiple of 29?
False
Does 47 divide 611?
True
Is 6 a factor of 316?
False
Is 438 a multiple of 73?
True
Does 17 divide 1496?
True
Is 14 a factor of 17654?
True
Is 80 a multiple of 11?
False
Is 38035 a multiple of 259?
False
Does 72 divide 2705?
False
Does 4 divide 5443?
False
Is 2475 a multiple of 66?
False
Is 4144 a multiple of 37?
True
Is 1216 a multiple of 76?
True
Does 15 divide 52507?
False
Does 26 divide 15759?
False
Does 42 divide 1638?
True
Is 6526 a multiple of 26?
True
Does 71 divide 2712?
False
Does 16 divide 1856?
True
Is 7 a factor of 133?
True
Is 14 a factor of 13020?
True
Is 179 a factor of 107758?
True
Is 8733 a multiple of 4?
False
Is 16 a factor of 218153?
False
Is 89 a factor of 20784?
False
Is 11 a factor of 154?
True
Is 54444 a multiple of 39?
True
Is 424 a multiple of 8?
True
Is 7 a factor of 22?
False
Is 7 a factor of 35?
True
Is 3332 a multiple of 28?
True
Does 19 divide 90174?
True
Is 28113 a multiple of 66?
False
Does 123 divide 16630?
False
Does 29 divide 406?
True
Is 2002 a multiple of 154?
True
Is 6588 a multiple of 18?
True
Does 75 divide 15156?
False
Is 39 a factor of 117?
True
Is 1368 a multiple of 19?
True
Does 6 divide 2802?
True
Is 7 a factor of 708?
False
Does 17 divide 4289?
False
Is 5 a factor of 1247?
False
Is 1302 a multiple of 8?
False
Is 83 a factor of 10458?
True
Is 19488 a multiple of 29?
True
Does 57 divide 1296?
False
Is 20 a multiple of 4?
True
Does 10 divide 4770?
True
Is 12 a factor of 12240?
True
Is 17 a factor of 50856?
False
Is 1100 a multiple of 14?
False
Is 336 a multiple of 24?
True
Is 61 a factor of 1735?
False
Does 8 divide 3764?
False
Is 2370 a multiple of 5?
True
Is 414 a multiple of 46?
True
Is 846 a multiple of 5?
False
Does 31 divide 12679?
True
Is 650 a multiple of 5?
True
Does 10 divide 13209?
False
Does 12 divide 4848?
True
Is 9367 a multiple of 15?
False
Is 22002 a multiple of 19?
True
Does 56 divide 3552?
False
Does 72 divide 412?
False
Does 139 divide 36835?
True
Is 25 a factor of 1892?
False
Is 38 a factor of 243?
False
Is 10 a factor of 63279?
False
Does 74 divide 2146?
True
Is 945 a multiple of 13?
False
Is 41 a factor of 2870?
True
Is 13271 a multiple of 23?
True
Is 141 a factor of 7755?
True
Does 9 divide 297?
True
Does 20 divide 1180?
True
Is 188 a multiple of 4?
True
Does 69 divide 68103?
True
Does 49 divide 6370?
True
Is 56 a factor of 13944?
True
Does 4 divide 33?
False
Is 16 a factor of 27566?
False
Does 130 divide 8403?
False
Is 7 a factor of 2564?
False
Is 5754 a multiple of 14?
True
Does 13 divide 1118?
True
Is 1600 a multiple of 100?
True
Does 18 divide 2485?
False
Does 56 divide 7448?
True
Does 28 divide 32930?
False
Is 2394 a multiple of 18?
True
Is 16 a factor of 208?
True
Does 7 divide 588?
True
Is 15 a factor of 44085?
True
Is 1936 a multiple of 38?
False
Is 833 a multiple of 6?
False
Is 16952 a multiple of 163?
True
Does 14 divide 392?
True
Does 26 divide 5323?
False
Is 749 a multiple of 31?
False
Is 17 a factor of 4658?
True
Is 11 a factor of 6578?
True
Is 8 a factor of 3049?
False
Is 12 a factor of 84?
True
Does 2 divide 5630?
True
Is 234 a multiple of 26?
True
Is 12 a factor of 25808?
False
Is 140 a multiple of 70?
True
Is 39 a factor of 1716?
True
Is 36353 a multiple of 220?
False
Does 4 divide 1290?
False
Is 14 a factor of 126?
True
Does 45 divide 22818?
False
Does 10 divide 320?
True
Is 6613 a multiple of 27?
False
Is 81959 a multiple of 19?
False
Is 357 a multiple of 7?
True
Is 9 a factor of 16227?
True
Is 7859 a multiple of 11?
False
Is 22 a factor of 22242?
True
Does 84 divide 41769?
False
Does 61 divide 915?
True
Does 25 divide 750?
True
Does 12 divide 48?
True
Is 62 a factor of 1618?
False
Is 1528 a multiple of 94?
False
Is 539 a multiple of 7?
True
Is 40 a multiple of 8?
True
Is 994 a multiple of 5?
False
Does 5 divide 344?
False
Is 77015 a multiple of 365?
True
Is 55125 a multiple of 175?
True
Does 27 divide 837?
True
Is 7 a factor of 16184?
True
Is 166 a multiple of 21?
False
Is 3956 a multiple of 92?
True
Is 61 a factor of 5185?
True
Is 20820 a multiple of 10?
True
Is 16739 a multiple of 74?
False
Is 42 a factor of 252?
True
Is 2232 a multiple of 13?
False
Is 792 a multiple of 36?
True
Is 1464 a multiple of 12?
True
Does 16 divide 4400?
True
Is 636 a multiple of 4?
True
Is 181 a multiple of 9?
False
Does 22 divide 836?
True
Does 11 divide 14883?
True
Is 2112 a multiple of 11?
True
Is 47 a factor of 46295?
True
Is 85784 a multiple of 73?
False
Does 32 divide 1024?
True
Does 77 divide 17787?
True
Does 144 divide 8231?
False
Is 1902 a multiple of 53?
False
Does 177 divide 10089?
True
Is 121 a multiple of 11?
True
Does 16 divide 2000?
True
Does 25 divide 7982?
False
Does 17 divide 260?
False
Does 68 divide 544?
True
Does 8 divide 184?
True
Does 13 divide 5914?
False
Is 30 a multiple of 27?
False
Is 42229 a multiple of 106?
False
Does 52 divide 15704?
True
Is 784 a multiple of 51?
False
Is 9 a factor of 1044?
True
Does 3 divide 87?
True
Does 22 divide 7458?
True
Is 465 a multiple of 27?
False
Does 41 divide 2571?
False
Does 4 divide 680?
True
Is 25184 a multiple of 25?
False
Does 29 divide 276?
False
Does 152 divide 5752?
False
Does 6 divide 342?
True
Is 3002 a multiple of 62?
False
Is 1464 a multiple of 183?
True
Does 107 divide 12348?
False
Does 9 divide 312?
False
Is 4 a factor of 20836?
True
Is 5 a factor of 350?
True
Is 2848 a multiple of 8?
True
Does 15 divide 255?
True
Does 38 divide 30001?
False
Is 18 a factor of 990?
True
Does 4 divide 188?
True
Is 747 a multiple of 2?
False
Does 77 divide 27485?
False
Is 11913 a multiple of 11?
True
Is 1873 a multiple of 45?
False
Is 125 a factor of 18468?
False
Is 1434 a multiple of 52?
False
Is 760 a multiple of 38?
True
Is 24 a factor of 13124?
False
Does 121 divide 19346?
False
Does 38 divide 31060?
False
Is 14 a factor of 4018?
True
Does 47 divide 1974?
True
Does 128 divide 7566?
False
Is 10 a factor of 20080?
True
Is 60 a factor of 4004?
False
Does 19 divide 11951?
True
Does 43 divide 12642?
True
Is 1526 even?
True
Is 20 a factor of 611?
False
Is 168 a multiple of 3?
True
Is 2494 a multiple of 29?
True
Does 32 divide 608?
True
Does 16 divide 2320?
True
Is 17 a fa